
5
-4 (base 14) to base 11
-4
What is 17 (base 9) in base 11?
15
What is 150 (base 13) in base 8?
352
What is -18 (base 16) in base 6?
-40
166 (base 8) to base 6
314
34 (base 5) to base 12
17
Convert -10101111 (base 2) to base 9.
-214
What is -66 (base 14) in base 10?
-90
65 (base 10) to base 11
5a
What is -a9 (base 12) in base 11?
-108
Convert 192 (base 12) to base 16.
fe
Convert 1 (base 5) to base 13.
1
142 (base 6) to base 14
46
25 (base 13) to base 6
51
-28 (base 12) to base 10
-32
Convert 5 (base 11) to base 14.
5
Convert -84 (base 14) to base 15.
-7b
What is -70 (base 10) in base 11?
-64
Convert 220 (base 4) to base 7.
55
Convert 1 (base 16) to base 14.
1
What is 73 (base 16) in base 8?
163
-8 (base 12) to base 9
-8
Convert 18 (base 14) to base 15.
17
-13 (base 9) to base 14
-c
Convert 3 (base 16) to base 6.
3
-168 (base 10) to base 14
-c0
What is 30 (base 4) in base 10?
12
Convert -8 (base 12) to base 8.
-10
-b (base 14) to base 11
-10
What is -1101 (base 2) in base 16?
-d
Convert -221 (base 7) to base 15.
-78
4 (base 5) to base 14
4
Convert -1 (base 5) to base 8.
-1
-9 (base 11) to base 15
-9
What is -171 (base 10) in base 15?
-b6
What is -235 (base 6) in base 4?
-1133
-c (base 15) to base 14
-c
-2 (base 4) to base 10
-2
What is 3 (base 4) in base 2?
11
-37 (base 11) to base 16
-28
34 (base 10) to base 12
2a
-a (base 15) to base 6
-14
Convert 33 (base 13) to base 16.
2a
What is -1100 (base 2) in base 6?
-20
1 (base 9) to base 8
1
What is 34 (base 12) in base 4?
220
What is 212 (base 4) in base 7?
53
Convert -1 (base 5) to base 3.
-1
What is -46 (base 12) in base 4?
-312
Convert -202 (base 5) to base 6.
-124
Convert 77 (base 12) to base 14.
67
-4 (base 10) to base 2
-100
14 (base 5) to base 7
12
3 (base 12) to base 14
3
Convert 273 (base 11) to base 16.
142
326 (base 10) to base 14
194
1d (base 14) to base 5
102
Convert -2 (base 3) to base 6.
-2
What is -8 (base 11) in base 14?
-8
-37 (base 13) to base 5
-141
5 (base 15) to base 10
5
What is -201 (base 3) in base 8?
-23
Convert 12 (base 3) to base 10.
5
Convert 2 (base 9) to base 12.
2
-10 (base 3) to base 8
-3
What is -103 (base 6) in base 7?
-54
-3 (base 8) to base 13
-3
What is -172 (base 14) in base 13?
-19a
-3 (base 9) to base 7
-3
What is 1000 (base 2) in base 12?
8
Convert -76 (base 16) to base 9.
-141
What is 7 (base 15) in base 10?
7
Convert -20 (base 6) to base 2.
-1100
What is 56 (base 9) in base 5?
201
Convert -51 (base 6) to base 3.
-1011
104 (base 6) to base 16
28
Convert 0 (base 6) to base 15.
0
What is 6d (base 16) in base 15?
74
What is -2120 (base 3) in base 10?
-69
What is 2 (base 8) in base 5?
2
-110 (base 5) to base 4
-132
What is 1110 (base 2) in base 15?
e
1100000 (base 2) to base 11
88
0 (base 9) to base 6
0
-a (base 16) to base 14
-a
Convert -210 (base 4) to base 9.
-40
Convert -2 (base 9) to base 11.
-2
Convert -120 (base 5) to base 9.
-38
What is 3 (base 9) in base 3?
10
1 (base 6) to base 4
1
What is 0 (base 9) in base 10?
0
Convert -11 (base 3) to base 7.
-4
4 (base 15) to base 12
4
What is -1 (base 15) in base 5?
-1
-200 (base 4) to base 6
-52
What is 101 (base 3) in base 12?
a
Convert 3 (base 5) to base 9.
3
Convert 220 (base 5) to base 2.
111100
26 (base 10) to base 11
24
-10 (base 3) to base 7
-3
-3 (base 7) to base 14
-3
Convert -a6 (base 11) to base 10.
-116
-10 (base 8) to base 7
-11
Convert -1 (base 8) to base 4.
-1
-16 (base 15) to base 6
-33
What is 18 (base 11) in base 8?
23
What is 4 (base 13) in base 15?
4
What is 11 (base 7) in base 13?
8
Convert -4 (base 15) to base 7.
-4
222 (base 3) to base 16
1a
What is 4 (base 6) in base 8?
4
-12 (base 7) to base 14
-9
What is 2 (base 14) in base 11?
2
-ed (base 16) to base 8
-355
-34 (base 11) to base 7
-52
4 (base 12) to base 5
4
3 (base 11) to base 7
3
Convert a (base 13) to base 9.
11
0 (base 5) to base 12
0
-9 (base 14) to base 7
-12
Convert 1300 (base 4) to base 9.
134
3 (base 10) to base 13
3
-121 (base 8) to base 7
-144
What is 1 (base 15) in base 5?
1
1 (base 14) to base 10
1
What is -8 (base 12) in base 7?
-11
What is 3 (base 4) in base 13?
3
Convert 0 (base 8) to base 6.
0
What is 131 (base 4) in base 13?
23
Convert -103 (base 13) to base 15.
-b7
What is 88 (base 12) in base 15?
6e
2 (base 9) to base 5
2
Convert 0 (base 12) to base 16.
0
What is b6 (base 13) in base 12?
105
What is 3 (base 4) in base 15?
3
0 (base 4) to base 3
0
Convert -3 (base 10) to base 6.
-3
What is 8 (base 12) in base 7?
11
What is 7 (base 8) in base 7?
10
-4d (base 14) to base 12
-59
-111 (base 2) to base 13
-7
-1 (base 15) to base 7
-1
Convert -2 (base 5) to base 7.
-2
Convert 1211 (base 5) to base 3.
20201
-6 (base 11) to base 10
-6
Convert 3a (base 16) to base 3.
2011
What is -124 (base 6) in base 11?
-48
What is 245 (base 6) in base 5?
401
44 (base 5) to base 15
19
-224 (base 9) to base 11
-158
What is 133 (base 11) in base 3?
12211
-17 (base 8) to base 7
-21
Convert 30 (base 10) to base 3.
1010
20 (base 3) to base 14
6
What is 42 (base 5) in base 6?
34
Convert 3 (base 11) to base 12.
3
What is 8 (base 9) in base 8?
10
42 (base 5) to base 14
18
-121 (base 4) to base 10
-25
What is -91 (base 16) in base 10?
-145
3 (base 7) to base 11
3
What is 4 (base 12) in base 2?
100
What is -100 (base 2) in base 6?
-4
-23 (base 11) to base 5
-100
What is 10 (base 9) in base 14?
9
Convert -8 (base 9) to base 3.
-22
-2 (base 10) to base 4
-2
What is 55 (base 13) in base 16?
46
What is -1 (base 13) in base 10?
-1
Convert 249 (base 12) to base 16.
159
10 (base 2) to base 10
2
What is 10010 (base 2) in base 7?
24
Convert 12 (base 6) to base 9.
8
-2 (base 3) to base 6
-2
Convert 4 (base 11) to base 7.
4
a (base 14) to base 12
a
Convert -1 (base 10) to base 9.
-1
What is -103 (base 4) in base 10?
-19
Convert -6 (base 15) to base 9.
-6
What is 8 (base 13) in base 5?
13
-22 (base 16) to base 14
-26
Convert 124 (base 9) to base 7.
205
What is 3 (base 16) in base 7?
3
What is -11 (base 2) in base 7?
-3
What is -1 (base 2) in base 10?
-1
-20 (base 4) to base 14
-8
What is -53 (base 9) in base 10?
-48
74 (base 14) to base 3
10210
What is 12 (base 5) in base 6?
11
What is -20 (base 13) in base 15?
-1b
What is 0 (base 9) in base 5?
0
What is 3b (base 15) in base 14?
40
Convert 25 (base 7) to base 14.
15
35 (base 8) to base 3
1002
20 (base 15) to base 7
42
-2 (base 13) to base 14
-2
What is -112 (base 5) in base 6?
-52
Convert -b (base 12) to base 10.
-11
What is -78 (base 13) in base 12?
-83
What is -2 (base 8) in base 11?
-2
Convert -26 (base 16) to base 8.
-46
What is 9 (base 13) in base 16?
9
What is -3 (base 4) in base 6?
-3
What is 432 (base 5) in base 9?
140
What is -1 (base 6) in base 13?
-1
Convert -10 (base 3) to base 2.
-11
-56 (base 15) to base 9
-100
3 (base 7) to base 10
3
1110 (base 4) to base 13
66
30 (base 9) to base 5
102
-200 (base 3) to base 14
-14
13 (base 5) to base 15
8
1 (base 4) to base 7
1
5a (base 12) to base 13
55
Convert 31 (base 11) to base 6.
54
-110 (base 2) to base 4
-12
Convert 3b (base 15) to base 13.
44
-3 (base 11) to base 4
-3
What is 2 (base 3) in base 4?
2
What is 1110 (base 3) in base 15?
29
What is 302 (base 8) in base 10?
194
What is 14 (base 5) in base 12?
9
What is 110 (base 2) in base 4?
12
Convert -20 (base 3) to base 11.
-6
What is 159 (base 11) in base 10?
185
What is -4 (base 8) in base 5?
-4
Convert 10 (base 5) to base 15.
5
Convert -22 (base 4) to base 9.
-11
Convert -1 (base 10) to base 6.
-1
Convert 12 (base 15) to base 7.
23
What is -25 (base 6) in base 7?
-23
Convert -176 (base 8) to base 3.
-11200
Convert -6c (base 13) to base 5.
-330
-12 (base 5) to base 16
-7
What is -1212 (base 3) in base 4?
-302
What is 11 (base 10) in base 16?
b
What is -34 (base 9) in base 10?
-31
Convert -11 (base 3) to base 5.
-4
-11 (base 12) to base 5
-23
Convert -31 (base 6) to base 15.
-14
What is 50 (base 13) in base 4?
1001
-3 (base 12) to base 5
-3
Convert 6 (base 8) to base 16.
6
What is -15 (base 10) in base 12?
-13
What is 4 (base 12) in base 7?
4
What is 3 (base 7) in base 12?
3
What is 19a (base 14) in base 11?
282
4 (base 15) to base 16
4
28 (base 10) to base 9
31
What is -1 (base 10) in base 12?
-1
Convert -11 (base 3) to base 16.
-4
What is -100 (base 2) in base 4?
-10
Convert 30 (base 11) to base